-24) composite?
True
Is 4/(0 - (-18)/(-491859)*-6) prime?
True
Let x be 3 + (0 - 0)*-1. Suppose 0*c = -4*k + x*c - 7, -2*k = 2*c + 14. Is 1946 - (-2)/(1*k/(-6)) prime?
True
Let h = 222 + -224. Is (56/(-24) - h)/((-2)/13404) prime?
False
Let j(l) = 5*l + 4. Let b be j(-2). Let u be (-2)/4 + (-123)/b. Suppose 2*k + 22122 - 6486 = 4*q, 5*k + u = 0. Is q a prime number?
True
Let v be (4812/15)/(2/(-255)). Let d = v - -66223. Is d a prime number?
True
Let u(w) = -2*w**3 + 18*w**2 + 15*w + 5. Let n(t) = -t**3 + 9*t**2 + 7*t + 2. Let f(o) = 13*n(o) - 6*u(o). Let m be f(9). Is 136 - 0 - 15/m a composite number?
True
Suppose -3*p + p + c = 2, -5*p + 8 = 4*c. Let j be (18 + -2)*(1 - p). Suppose -4*d = l + 2*l - 1907, 4*d = -j. Is l composite?
False
Let f be (-208)/24 + -1 + (-15)/(-9). Is (287 - (-5)/(-10)*f) + 2 composite?
False
Let k(d) = 3*d + 3*d**3 - 3*d - 10*d**2 + 1 + 4*d - 3*d. Let l be -7 - -7 - (-10)/2. Is k(l) composite?
False
Let k = -3767 - -17304. Is k composite?
False
Is 2/(18/388785) - 176/(-66) a prime number?
True
Suppose 4*z - 14 = -n, 5*z = -3*n - 0*n + 21. Suppose -16 = -g - z*t + 2*t, -20 = -4*t. Is g/55 - (-1448)/10 composite?
True
Let r = -50 - -48. Is 3/((-15)/(-6920)) - (r + 3) composite?
True
Suppose l - 2 = -0*l. Suppose 3*b = -l*z + 17017, -4*b - 25590 = -5*z + 16987. Is z prime?
True
Let c(o) = -25*o - 173. Let y be c(-7). Is (-6)/(-18)*y + (-5677)/(-3) composite?
True
Let c(l) = l**3 - 7*l**2 + 7*l - 12. Let z be c(6). Let g(r) = r**3 + 3*r**2 - 10*r - 9. Let d be g(z). Let n = 200 + d. Is n prime?
False
Suppose -464995 + 55574 = -5*i - 3*z, -3*i + 245659 = 5*z. Is i prime?
True
Let c(k) be the second derivative of -k**3/2 - 11*k**2/2 + 3*k. Let f be c(-5). Suppose -f*s - 3*j + 55 = 0, 2*s - 5*j + 2*j = 5. Is s prime?
False
Let i(w) = 5*w**2 - 41*w - 16. Let t be i(9). Suppose -t*m + 85532 = -141848. Is m prime?
True
Let v be 54/(-6) - (7 - 16). Let w(g) = 15*g + 11863. Is w(v) a prime number?
True
Let h be 807/3*(-8 + 9). Let g = h + -547. Let m = g + 2611. Is m a composite number?
False
Suppose -5*k = -v - 0*v + 36264, v = -4*k + 36309. Suppose -5*b = 1434 - v. Suppose -b = -3*m - 4*x, m - x - 2341 = 2*x. Is m a composite number?
True
Let x = -362238 + 663089. Is x a composite number?
False
Let y(l) = 15*l**3 + 16*l**2 - 104*l + 336. Is y(23) a prime number?
False
Let g(v) = -v**3 + 13*v**2 + 15*v - 1. Let j be g(14). Suppose 9*h + 11216 = j*h. Let i = 4771 - h. Is i a prime number?
False
Suppose -r = -j + 3542, -4*r - 2*j - 16356 = -2188. Let b = r - -8164. Let o = b + 2595. Is o prime?
False
Suppose 13*r - 21*r = -1232. Let g = r + -148. Suppose -7190 = -4*k - g*k. Is k prime?
True
Let z = -18357 + 27430. Is z composite?
True
Let p = 143003 - -60260. Is p a composite number?
True
Suppose -81*k = -r - 79*k + 85163, 3*r - 3*k = 255471. Is r composite?
True
Let l(f) = f**2 - 10*f + 9. Let b be l(0). Suppose -b*o - 2178 = -27*o. Is o prime?
False
Suppose 0 = -3*o + 3, -5*h + o = -h - 441675. Is h a prime number?
True
Let l(m) = -1452*m + 57. Let t be l(-4). Suppose -3*h + 4*u + t = -6014, -2*h + 7912 = u. Is h a prime number?
False
Suppose -30 = 5*w + 5*g, -23*w + 14 = -24*w - 5*g. Is (-1 + 70/w)*-10 a prime number?
False
Suppose 6*o - 1128573 = 3*o + 884478. Is o composite?
False
Let d = 55 - 53. Let p be (3 - d) + 8/1. Is 6/p - (-6097)/21 composite?
True
Let b(w) = w**3 - 7*w**2 + 2. Let z be b(7). Let p(o) = -2*o**2 + 6*o - 5*o**2 - o**3 - o**z - 2. Is p(-11) a prime number?
False
Let w(z) = 12*z**3 - 2*z**2 - 3*z + 1. Let d be w(-5). Suppose 65*a + 31911 = -26784. Let p = a - d. Is p a prime number?
True
Let t be (26713640/(-240) + (-2)/12)/(-1). Is t/14*(4 - 2) a composite number?
False
Let l be (-376)/6*-4*(-36)/32. Let h = 2420 + l. Suppose 0 = 8*s - 10*s + h. Is s a composite number?
False
Suppose -6*j = -406 + 382. Suppose 43190 = 10*k + j*k. Is k a prime number?
False
Suppose -2*r - 12 - 18 = -4*w, 0 = -4*w + 4*r + 28. Let l be ((w + -5)*-1)/(2/12). Is (-199)/(l/(-21) - 1) composite?
True
Let j(t) = t**3 - 31*t**2 - 22*t - 38. Let h be j(31). Let l = h - -1255. Is l composite?
True
Let g(j) = -j + 5. Let a be g(9). Is (a/10)/((-36)/56790) a composite number?
False
Suppose -18*y - 2232 + 0 = 0. Let a = y + 126. Suppose 3*l = 2*f + 757, -f = a*f + 6. Is l a composite number?
False
Let b be 7/28 - (-3)/4. Let f be 12/(-14)*(0 - b)*21. Is 60/f*(-3033)/(-6) a composite number?
True
Suppose 0 = -15*z - 13*z. Suppose z = -a - 11*a + 14124. Is a prime?
False
Let d = 148 + -142. Let y be 8/(-24) + 650/d. Suppose -3*m + y = -183. Is m a composite number?
False
Suppose -2*o = 3*b - 502266, 3*b - 623276 = 3*o - 121025. Suppose -b + 33496 = -4*d + w, 0 = w. Is d composite?
True
Is 1478924/(-6)*(27 + (-1710)/60) a composite number?
False
Suppose 573722 + 742957 = 4*h - 395693. Is h a composite number?
False
Let a be 1 + 0 + (-13 - -24). Suppose 4*s - a = 3*t - 4, 3*s + 2*t - 6 = 0. Is 2 + 91 + (-4)/s a composite number?
True
Let w = 2711 - 919. Let c = 3115 + w. Is c prime?
False
Let a = -64 + 58. Let c(m) be the second derivative of m**4/2 - m**3 - 5*m**2/2 + 2*m. Is c(a) prime?
False
Let p = -78099 + 119366. Is p prime?
False
Is -279606*(1 - 3)*(108/(-16) - -7) a prime number?
False
Suppose -59*k - 86*k = -3266995. Is k a composite number?
False
Is (-13 - (-1941408)/(-80))*(-2 + -3) a prime number?
True
Is 1013619*(-3)/(-6) + 1*9/(-18) a prime number?
True
Suppose -3*y + 95895 = 6*y. Suppose 23*x - y = 9516. Is x composite?
False
Is ((-1627)/(-4))/((-6)/(-78*4)) a composite number?
True
Let v be (6/(-8))/(-1)*664. Suppose v = 5*a - 5097. Is a a prime number?
False
Let t(q) be the first derivative of 152*q**3/3 - q**2/2 - 53*q - 105. Is t(12) a prime number?
False
Suppose 3*p - 18 = 0, -4*p = 4*t - 1309656 - 1561804. Is t composite?
True
Let p = -277 - -267. Is (-1)/((-5)/p) + 495 + -2 a composite number?
False
Suppose -2*v = c - 182699, 5*c + 127818 = 5*v - 328892. Is v composite?
True
Suppose 0*o + 6 = -o - 3*a, 5*o - 35 = -2*a. Suppose 7*d - o*d + 1070 = 0. Suppose d + 2980 = 5*k. Is k a prime number?
False
Suppose 5*w + 10045 = -32645. Let y = w - -16021. Is y a prime number?
False
Let v = -29854 + 9136. Is (-165)/(-10)*v/(-27) a composite number?
True
Let a = -226212 - -363799. Is a composite?
False
Suppose 4*r + s = 6*s + 22, 4*r = 3*s + 26. Suppose -r*i + 39 + 41 = 0. Let n(p) = -p**3 + 16*p**2 - 13*p - 12. Is n(i) prime?
False
Let x = -48 + 34. Let a(v) be the first derivative of -12*v**2 - 29*v + 241. Is a(x) composite?
False
Let a = 10339 - -1180. Is a a prime number?
True
Let g = -189 - -189. Suppose -6*q + 6046 + 368 = g. Is q a prime number?
True
Let u(w) = -4*w**2 + 4*w - 39 + 38 + 2*w**2 + 3646*w**3. Is u(1) composite?
True
Let v(r) = 3*r**3 + 4*r**2 - 3*r - 33. Suppose -5*q + 20 = 3*w + 6, 3*q - 10 = -2*w. Is v(w) a prime number?
False
Suppose 4*u = 3*l - 17, -6*l + l - 4*u + 39 = 0. Let y(r) be the second derivative of 17*r**3 - 13*r**2/2 + 2*r - 2. Is y(l) prime?
True
Suppose 100635 + 76430 = 7*k. Suppose -5*s = 11 - 21, -5*s + k = 5*a. Is a a prime number?
False
Let b be (-3946 + 1)*121/33. Let h = b - -23976. Is h composite?
False
Let x(k) = -1884*k + 4489. Is x(-62) composite?
True
Let n(p) = 2*p**3 + 24*p**2 + 3*p + 38. Let q be n(-12). Let b be (8444/12)/((-1)/(-3)). Suppose 4*a + 2*l = 8489 + b, q*l + 2655 = a. Is a a prime number?
False
Let p = 197 - 187. Is (-1)/2 + (271875/p)/5 composite?
False
Let b = 15693 - 8737. Suppose 45302 = 4*k + 3*y - b, -4*k = -4*y - 52244. Is k composite?
False
Let i(y) = 6548*y**3 - y**2 + 3*y. Let b be i(1). Let s = b + -3161. Is s a composite number?
False
Suppose f + 14775 = -2*f. Let h = -3124 - f. Is h a prime number?
True
Let b = 217119 + -74800. Is b composite?
False
Suppose -2*l + 0*l + 14 = 0. Let h(x) = -50*x**2 + 7*x - 15. Let r be h(l). Let o = -1313 - r. Is o a composite number?
False
Suppose 3*w - 2*z - 1502507 = 0, 2*w - 22*z + 20*z - 1001674 = 0. Is w composite?
True
Suppose 5*z - 264188 = -4*r, -5*r = 2*z - 5*z - 330235. Is r composite?
False
Suppose 13*r - 491830 - 542123 = -221986. Is r a prime number?
True
Suppose -18*j + 21*j + 81 = 0. Is (-3*(-6)/j)/((-12)/58014) prime?
False
Let j = -34 - -24. Let k(z) be the second derivative of z**4/2 + 5*z*